{"id":21,"date":"2012-08-15T21:14:05","date_gmt":"2012-08-16T01:14:05","guid":{"rendered":"http:\/\/www.ingeterm.net\/aespro-cl\/?page_id=21"},"modified":"2012-08-15T21:14:05","modified_gmt":"2012-08-16T01:14:05","slug":"nuestra-oferta","status":"publish","type":"page","link":"https:\/\/aespro.cl\/?page_id=21","title":{"rendered":"Nuestra Oferta"},"content":{"rendered":"<p align=\"justify\"><span style=\"color: #800000;\">AESPRO<\/span>, como empresa totalmente desvinculada de todo proveedor y cualquier otra empresa de consultor\u00eda, ofrece servicios de auditor\u00eda externa independiente. Es decir, que puede servir de apoyo en la toma de una decisi\u00f3n t\u00e9cnica dentro de su \u00e1mbito de experiencia estudiando, sopesando y evaluando las distintas alternativas disponibles desde<\/p>\n<p align=\"justify\">\u2022\u00a0\u00a0\u00a0 la m\u00e1s absoluta honradez y<br \/>\n\u2022\u00a0\u00a0\u00a0 en el inter\u00e9s \u00fanico de su cliente.<\/p>\n","protected":false},"excerpt":{"rendered":"<p>AESPRO, como empresa totalmente desvinculada de todo proveedor y cualquier otra empresa de consultor\u00eda, ofrece servicios de auditor\u00eda externa independiente. Es decir, que puede servir de apoyo en la toma de una decisi\u00f3n t\u00e9cnica dentro de su \u00e1mbito de experiencia &hellip; <a href=\"https:\/\/aespro.cl\/?page_id=21\">Continuar leyendo <span class=\"meta-nav\">&rarr;<\/span><\/a><\/p>\n","protected":false},"author":1,"featured_media":0,"parent":9,"menu_order":0,"comment_status":"closed","ping_status":"closed","template":"","meta":[],"_links":{"self":[{"href":"https:\/\/aespro.cl\/index.php?rest_route=\/wp\/v2\/pages\/21"}],"collection":[{"href":"https:\/\/aespro.cl\/index.php?rest_route=\/wp\/v2\/pages"}],"about":[{"href":"https:\/\/aespro.cl\/index.php?rest_route=\/wp\/v2\/types\/page"}],"author":[{"embeddable":true,"href":"https:\/\/aespro.cl\/index.php?rest_route=\/wp\/v2\/users\/1"}],"replies":[{"embeddable":true,"href":"https:\/\/aespro.cl\/index.php?rest_route=%2Fwp%2Fv2%2Fcomments&post=21"}],"version-history":[{"count":0,"href":"https:\/\/aespro.cl\/index.php?rest_route=\/wp\/v2\/pages\/21\/revisions"}],"up":[{"embeddable":true,"href":"https:\/\/aespro.cl\/index.php?rest_route=\/wp\/v2\/pages\/9"}],"wp:attachment":[{"href":"https:\/\/aespro.cl\/index.php?rest_route=%2Fwp%2Fv2%2Fmedia&parent=21"}],"curies":[{"name":"wp","href":"https:\/\/api.w.org\/{rel}","templated":true}]}}