{"id":314,"date":"2013-11-06T11:41:08","date_gmt":"2013-11-06T15:41:08","guid":{"rendered":"http:\/\/www.aespro.cl\/?page_id=314"},"modified":"2013-11-06T11:41:08","modified_gmt":"2013-11-06T15:41:08","slug":"clima-y-salud","status":"publish","type":"page","link":"https:\/\/aespro.cl\/?page_id=314","title":{"rendered":"MINSAL"},"content":{"rendered":"<p><a href=\"https:\/\/aespro.cl\/wp-content\/uploads\/2013\/11\/foto1.jpg\"><img loading=\"lazy\" class=\"size-full wp-image-325 alignleft\" alt=\"MINSAL_logo\" src=\"https:\/\/aespro.cl\/wp-content\/uploads\/2013\/11\/foto1.jpg\" width=\"175\" height=\"159\" \/><\/a>En el marco del proyecto:<\/p>\n<p>&#8220;ESTUDIO DE LA MORBI-MORTALIDAD Y VARIABILIDAD CLIM\u00c1TICA ASOCIADA AL CAMBIO CLIM\u00c1TICO EN CHILE&#8221; del Departamento de Salud Ambiental del Ministerio de Salud, en el a\u00f1os 2013 se realiz\u00f3 esta consultor\u00eda.<\/p>\n<p>&nbsp;<\/p>\n<p style=\"text-align: justify;\">Este estudio nuevo en Chile, busc\u00f3 evaluar el efecto de las variaciones del clima sobre ciertos grupos vulnerables, se realiz\u00f3 una b\u00fasqueda sistem\u00e1tica de referencias, para luego explorar grupos vulnerables en las bases de datos de los registros hospitalarios y de defunciones, datos provenientes del <a title=\"DEIS\" href=\"http:\/\/www.deis.cl\/\" target=\"_blank\" rel=\"noopener noreferrer\">DEIS<\/a> desde el a\u00f1o 2000 hasta el 2010. Los datos del clima de la ultima d\u00e9cada fue obtenida desde la <a title=\"MeteoChile\" href=\"http:\/\/164.77.222.61\/climatologia\/\" target=\"_blank\" rel=\"noopener noreferrer\">Direcci\u00f3n Meteorol\u00f3gica de Chile<\/a>.<\/p>\n<p style=\"text-align: justify;\">Los resultados evidenciaron un fuerte efecto de las temperaturas fr\u00edas sobre las enfermedades isqu\u00e9micas y respiratorias, especialmente en los ni\u00f1os a 5 a\u00f1os y adultos mayores a los 65 a\u00f1os de edad.<\/p>\n<p style=\"text-align: justify;\">La siguiente figura ilustra las series de mortalidad en las enfermedades cardiovasculares y la temperatura para Santiago de Chile en el periodo bajo estudio. (Haz click en la imagen para mayor resoluci\u00f3n). El informe anexo, muestra la fuerte relaci\u00f3n de la temperaturas fr\u00edas sobre el grupo de adultos mayores, una relaci\u00f3n fuerte entre mortalidad vs temperatura.<\/p>\n<p>&nbsp;<\/p>\n<div id=\"attachment_318\" style=\"width: 481px\" class=\"wp-caption aligncenter\"><a href=\"https:\/\/aespro.cl\/wp-content\/uploads\/2013\/11\/foto.jpg\"><img aria-describedby=\"caption-attachment-318\" loading=\"lazy\" class=\" wp-image-318 \" alt=\"Imagen extraida del informe MINSAL 2013\" src=\"https:\/\/aespro.cl\/wp-content\/uploads\/2013\/11\/foto-300x196.jpg\" width=\"471\" height=\"307\" \/><\/a><p id=\"caption-attachment-318\" class=\"wp-caption-text\">Imagen extraida del informe MINSAL 2013<\/p><\/div>\n<p><a title=\"Informe Final MINSAL 2013\" href=\"https:\/\/www.dropbox.com\/s\/u667gvakdtr01pi\/Informe_Final_Definitivo.pdf\" target=\"_blank\" rel=\"noopener noreferrer\">\u00a0<\/a><\/p>\n","protected":false},"excerpt":{"rendered":"<p>En el marco del proyecto: &#8220;ESTUDIO DE LA MORBI-MORTALIDAD Y VARIABILIDAD CLIM\u00c1TICA ASOCIADA AL CAMBIO CLIM\u00c1TICO EN CHILE&#8221; del Departamento de Salud Ambiental del Ministerio de Salud, en el a\u00f1os 2013 se realiz\u00f3 esta consultor\u00eda. &nbsp; Este estudio nuevo en &hellip; <a href=\"https:\/\/aespro.cl\/?page_id=314\">Continuar leyendo <span class=\"meta-nav\">&rarr;<\/span><\/a><\/p>\n","protected":false},"author":1,"featured_media":325,"parent":87,"menu_order":0,"comment_status":"open","ping_status":"open","template":"","meta":[],"_links":{"self":[{"href":"https:\/\/aespro.cl\/index.php?rest_route=\/wp\/v2\/pages\/314"}],"collection":[{"href":"https:\/\/aespro.cl\/index.php?rest_route=\/wp\/v2\/pages"}],"about":[{"href":"https:\/\/aespro.cl\/index.php?rest_route=\/wp\/v2\/types\/page"}],"author":[{"embeddable":true,"href":"https:\/\/aespro.cl\/index.php?rest_route=\/wp\/v2\/users\/1"}],"replies":[{"embeddable":true,"href":"https:\/\/aespro.cl\/index.php?rest_route=%2Fwp%2Fv2%2Fcomments&post=314"}],"version-history":[{"count":0,"href":"https:\/\/aespro.cl\/index.php?rest_route=\/wp\/v2\/pages\/314\/revisions"}],"up":[{"embeddable":true,"href":"https:\/\/aespro.cl\/index.php?rest_route=\/wp\/v2\/pages\/87"}],"wp:featuredmedia":[{"embeddable":true,"href":"https:\/\/aespro.cl\/index.php?rest_route=\/wp\/v2\/media\/325"}],"wp:attachment":[{"href":"https:\/\/aespro.cl\/index.php?rest_route=%2Fwp%2Fv2%2Fmedia&parent=314"}],"curies":[{"name":"wp","href":"https:\/\/api.w.org\/{rel}","templated":true}]}}

<p><a href="https://aespro.cl/wp-content/uploads/2013/11/foto1.jpg"><img loading="lazy" class="size-full wp-image-325 alignleft" alt="MINSAL_logo" src="https://aespro.cl/wp-content/uploads/2013/11/foto1.jpg" width="175" height="159" /></a>En el marco del proyecto:</p>
<p>&#8220;ESTUDIO DE LA MORBI-MORTALIDAD Y VARIABILIDAD CLIMÁTICA ASOCIADA AL CAMBIO CLIMÁTICO EN CHILE&#8221; del Departamento de Salud Ambiental del Ministerio de Salud, en el años 2013 se realizó esta consultoría.</p>
<p>&nbsp;</p>
<p style="text-align: justify;">Este estudio nuevo en Chile, buscó evaluar el efecto de las variaciones del clima sobre ciertos grupos vulnerables, se realizó una búsqueda sistemática de referencias, para luego explorar grupos vulnerables en las bases de datos de los registros hospitalarios y de defunciones, datos provenientes del <a title="DEIS" href="http://www.deis.cl/" target="_blank" rel="noopener noreferrer">DEIS</a> desde el año 2000 hasta el 2010. Los datos del clima de la ultima década fue obtenida desde la <a title="MeteoChile" href="http://164.77.222.61/climatologia/" target="_blank" rel="noopener noreferrer">Dirección Meteorológica de Chile</a>.</p>
<p style="text-align: justify;">Los resultados evidenciaron un fuerte efecto de las temperaturas frías sobre las enfermedades isquémicas y respiratorias, especialmente en los niños a 5 años y adultos mayores a los 65 años de edad.</p>
<p style="text-align: justify;">La siguiente figura ilustra las series de mortalidad en las enfermedades cardiovasculares y la temperatura para Santiago de Chile en el periodo bajo estudio. (Haz click en la imagen para mayor resolución). El informe anexo, muestra la fuerte relación de la temperaturas frías sobre el grupo de adultos mayores, una relación fuerte entre mortalidad vs temperatura.</p>
<p>&nbsp;</p>
<div id="attachment_318" style="width: 481px" class="wp-caption aligncenter"><a href="https://aespro.cl/wp-content/uploads/2013/11/foto.jpg"><img aria-describedby="caption-attachment-318" loading="lazy" class=" wp-image-318 " alt="Imagen extraida del informe MINSAL 2013" src="https://aespro.cl/wp-content/uploads/2013/11/foto-300x196.jpg" width="471" height="307" /></a><p id="caption-attachment-318" class="wp-caption-text">Imagen extraida del informe MINSAL 2013</p></div>
<p><a title="Informe Final MINSAL 2013" href="https://www.dropbox.com/s/u667gvakdtr01pi/Informe_Final_Definitivo.pdf" target="_blank" rel="noopener noreferrer"> </a></p>

<p>En el marco del proyecto: &#8220;ESTUDIO DE LA MORBI-MORTALIDAD Y VARIABILIDAD CLIMÁTICA ASOCIADA AL CAMBIO CLIMÁTICO EN CHILE&#8221; del Departamento de Salud Ambiental del Ministerio de Salud, en el años 2013 se realizó esta consultoría. &nbsp; Este estudio nuevo en &hellip; <a href="https://aespro.cl/?page_id=314">Continuar leyendo <span class="meta-nav">&rarr;</span></a></p>
