{"id":37,"date":"2012-08-15T21:18:43","date_gmt":"2012-08-16T01:18:43","guid":{"rendered":"http:\/\/www.ingeterm.net\/aespro-cl\/?page_id=37"},"modified":"2012-08-15T21:18:43","modified_gmt":"2012-08-16T01:18:43","slug":"analisis-estadistico","status":"publish","type":"page","link":"https:\/\/aespro.cl\/?page_id=37","title":{"rendered":"Muestreo"},"content":{"rendered":"<p>El muestreo no es una cosa tribial, muchas investigaciones han perdido su validez debido a t\u00e9cnicas erroneamente utlizadas. Los metodos de muestreo son variados y dependeder\u00e1n siempre del alcance del estudio. Puede aplicarse un muestreo aleoatorio, por ejemplo, al momento de estimar el promedio de una variable en de poblaci\u00f3n. Dependiendo de las caracter\u00edsticas de la poblaci\u00f3n bajo estudio. Es posible utilizar, dependiendo del estudio, un muesteo por vola de nieve, muestreo no aleatorio, aleatorio, sistematico, \u00a0estratificado, por conglomerado y una mezcla de estos \u00faltimos.<\/p>\n<p>El calculo del tama\u00f1o de la muestra es otra cosa muy importante para obtener estimaci\u00f3nes lo m\u00e1s fidegnas posibles. Por tal raz\u00f3n, es recomendable que consulte con nuestros estad\u00edssticos e investigarores \u00a0acerca del metodo m\u00e1s adecuado considerando la mejor relaci\u00f3n precio-calidad de la muestra.<\/p>\n<p><a href=\"https:\/\/aespro.cl\/wp-content\/uploads\/2012\/08\/normal.png\"><img loading=\"lazy\" class=\"alignnone size-full wp-image-41\" title=\"normal\" src=\"https:\/\/aespro.cl\/wp-content\/uploads\/2012\/08\/normal.png\" alt=\"\" width=\"454\" height=\"277\" srcset=\"https:\/\/aespro.cl\/wp-content\/uploads\/2012\/08\/normal.png 454w, https:\/\/aespro.cl\/wp-content\/uploads\/2012\/08\/normal-300x183.png 300w\" sizes=\"(max-width: 454px) 100vw, 454px\" \/><\/a><\/p>\n<p>El tama\u00f1o de la muestra igualmente es un punto cr\u00edtico en muchas investigaciones, especialmente las relacionadas con las ciencias sociales, pues siempre tiene asociado un valor econ\u00f3mico. Estudios relativos a determinar el grado de aprovaci\u00f3n de alguna p\u00f3litica p\u00fablica o el grado de satisfacci\u00f3n de los clientes a alg\u00fan producto. En estos casos, siempre necesario determinar tama\u00f1os muestrales \u00f3ptimos.<\/p>\n<p>La siguiente gr\u00e1fica fue utlizada para estimar la potencia en funci\u00f3n al tama\u00f1o de muestra para una prueba de dos muestras, considerando la varianza, el nivel de significancia y la diferencia esperada entre los dos grupos.<\/p>\n<p><a href=\"https:\/\/aespro.cl\/wp-content\/uploads\/2012\/08\/potencia.jpg\"><img loading=\"lazy\" class=\"alignnone size-large wp-image-42\" title=\"potencia\" src=\"http:\/\/www.dataclinica.net\/aespro\/wp-content\/uploads\/2012\/08\/potencia-1024x656.jpg\" alt=\"\" width=\"584\" height=\"374\" srcset=\"https:\/\/aespro.cl\/wp-content\/uploads\/2012\/08\/potencia-1024x656.jpg 1024w, https:\/\/aespro.cl\/wp-content\/uploads\/2012\/08\/potencia-300x192.jpg 300w, https:\/\/aespro.cl\/wp-content\/uploads\/2012\/08\/potencia-768x492.jpg 768w, https:\/\/aespro.cl\/wp-content\/uploads\/2012\/08\/potencia.jpg 1102w\" sizes=\"(max-width: 584px) 100vw, 584px\" \/><\/a><\/p>\n<p>&nbsp;<\/p>\n","protected":false},"excerpt":{"rendered":"<p>El muestreo no es una cosa tribial, muchas investigaciones han perdido su validez debido a t\u00e9cnicas erroneamente utlizadas. Los metodos de muestreo son variados y dependeder\u00e1n siempre del alcance del estudio. Puede aplicarse un muestreo aleoatorio, por ejemplo, al momento &hellip; <a href=\"https:\/\/aespro.cl\/?page_id=37\">Continuar leyendo <span class=\"meta-nav\">&rarr;<\/span><\/a><\/p>\n","protected":false},"author":1,"featured_media":0,"parent":0,"menu_order":0,"comment_status":"closed","ping_status":"closed","template":"","meta":[],"_links":{"self":[{"href":"https:\/\/aespro.cl\/index.php?rest_route=\/wp\/v2\/pages\/37"}],"collection":[{"href":"https:\/\/aespro.cl\/index.php?rest_route=\/wp\/v2\/pages"}],"about":[{"href":"https:\/\/aespro.cl\/index.php?rest_route=\/wp\/v2\/types\/page"}],"author":[{"embeddable":true,"href":"https:\/\/aespro.cl\/index.php?rest_route=\/wp\/v2\/users\/1"}],"replies":[{"embeddable":true,"href":"https:\/\/aespro.cl\/index.php?rest_route=%2Fwp%2Fv2%2Fcomments&post=37"}],"version-history":[{"count":0,"href":"https:\/\/aespro.cl\/index.php?rest_route=\/wp\/v2\/pages\/37\/revisions"}],"wp:attachment":[{"href":"https:\/\/aespro.cl\/index.php?rest_route=%2Fwp%2Fv2%2Fmedia&parent=37"}],"curies":[{"name":"wp","href":"https:\/\/api.w.org\/{rel}","templated":true}]}}