{"id":87,"date":"2012-08-15T21:41:03","date_gmt":"2012-08-16T01:41:03","guid":{"rendered":"http:\/\/www.ingeterm.net\/aespro-cl\/?page_id=87"},"modified":"2012-08-15T21:41:03","modified_gmt":"2012-08-16T01:41:03","slug":"estudio-de-casos","status":"publish","type":"page","link":"https:\/\/aespro.cl\/?page_id=87","title":{"rendered":"Estudio de Casos"},"content":{"rendered":"<h3>\u00c1reas de experiencia<\/h3>\n<p>Dentro del mundo del an\u00e1lisis de datos, AESPRO dispone de la experiencia necesaria para ofrecer soluciones con plena garant\u00eda dentro de las siguientes \u00e1reas:<\/p>\n<ul>\n<li><strong>Muestreo<\/strong>: dise\u00f1o de encuestas, muestreos por conglomerados, aleatorio simple, estratificados, etc<\/li>\n<li><strong>Consultor\u00eda estad\u00edstica<\/strong>: dise\u00f1o de experimentos, an\u00e1lisis de resultados, implementaci\u00f3n de rutinas estad\u00edsticas.<\/li>\n<li><strong>Bioestad\u00edstica<\/strong>: an\u00e1lisis de microarrays, desarrollo de c\u00f3digo, formaci\u00f3n y asesor\u00eda en\u00a0<a href=\"http:\/\/www.r-project.org\/\" target=\"_blank\" rel=\"noopener noreferrer\">R<\/a>, <a href=\"http:\/\/www.sas.com\/\" target=\"_blank\" rel=\"noopener noreferrer\">SAS<\/a>, SPSS,\u00a0<a href=\"http:\/\/www.statsoft.com\/\" target=\"_blank\" rel=\"noopener noreferrer\">STATISTICA\u00a0<\/a>e\u00a0<a href=\"http:\/\/www.infostat.com.ar\/\">INFOSTAT<\/a>.<\/li>\n<li><strong>Aplicaciones financieras<\/strong>: an\u00e1lisis de riesgo, series temporales de variables econ\u00f3micas, simulaci\u00f3n estoc\u00e1stica.<\/li>\n<li><strong>Aplicaciones Ambientales<\/strong>: Modelamiento de variables distribuidas en el espacio, especialmente para entender la distribuci\u00f3n de compuestos t\u00f3xicos y contaminantes en \u00e1reas grandes (SIG)<\/li>\n<\/ul>\n","protected":false},"excerpt":{"rendered":"<p>\u00c1reas de experiencia Dentro del mundo del an\u00e1lisis de datos, AESPRO dispone de la experiencia necesaria para ofrecer soluciones con plena garant\u00eda dentro de las siguientes \u00e1reas: Muestreo: dise\u00f1o de encuestas, muestreos por conglomerados, aleatorio simple, estratificados, etc Consultor\u00eda estad\u00edstica: &hellip; <a href=\"https:\/\/aespro.cl\/?page_id=87\">Continuar leyendo <span class=\"meta-nav\">&rarr;<\/span><\/a><\/p>\n","protected":false},"author":1,"featured_media":0,"parent":0,"menu_order":0,"comment_status":"closed","ping_status":"closed","template":"","meta":[],"_links":{"self":[{"href":"https:\/\/aespro.cl\/index.php?rest_route=\/wp\/v2\/pages\/87"}],"collection":[{"href":"https:\/\/aespro.cl\/index.php?rest_route=\/wp\/v2\/pages"}],"about":[{"href":"https:\/\/aespro.cl\/index.php?rest_route=\/wp\/v2\/types\/page"}],"author":[{"embeddable":true,"href":"https:\/\/aespro.cl\/index.php?rest_route=\/wp\/v2\/users\/1"}],"replies":[{"embeddable":true,"href":"https:\/\/aespro.cl\/index.php?rest_route=%2Fwp%2Fv2%2Fcomments&post=87"}],"version-history":[{"count":0,"href":"https:\/\/aespro.cl\/index.php?rest_route=\/wp\/v2\/pages\/87\/revisions"}],"wp:attachment":[{"href":"https:\/\/aespro.cl\/index.php?rest_route=%2Fwp%2Fv2%2Fmedia&parent=87"}],"curies":[{"name":"wp","href":"https:\/\/api.w.org\/{rel}","templated":true}]}}